 32 + -25. What is b(n)?
11
Let k(h) be the first derivative of h**3/3 - h**2/2 - 4*h + 4. What is k(3)?
2
Let d(v) = v - 3. Let y be (-1)/5 - 320/25. Let i = y + 16. Determine d(i).
0
Suppose -3*g - 7 = 8. Let c(m) be the first derivative of -2 + 0*m + 1/2*m**2. What is c(g)?
-5
Let w(r) = r**3 + 5*r**2 - 4*r - 5. Let d(s) = -s + 2 + 12 - 14 - s**2. Let b(c) = -d(c) - w(c). Calculate b(-4).
-15
Let p(u) be the third derivative of -u**4/24 + u**3/3 + 9*u**2. Calculate p(-6).
8
Let h(b) = b - 1. Suppose -4*c + 5 - 1 = 0. Let k = c + 1. Suppose -k*t = -t. Determine h(t).
-1
Let m(g) = -20*g**3 - 2*g**2 - 26*g + 29. Let i(a) = 7*a**3 + a**2 + 9*a - 10. Let s(h) = 17*i(h) + 6*m(h). Determine s(5).
-11
Let z(p) = 2*p + 5. Let f(r) = -r**2 + 1. Let a(x) = -6*x**2 - x + 1. Let v(q) = -a(q) + 5*f(q). Let k be v(0). Suppose k*t + 35 = 15. Calculate z(t).
-5
Let p(c) = 2*c**3 + 3*c**2 + 2*c. Let z = 11 - 8. Suppose -2*y = -z*y - 2. Calculate p(y).
-8
Let c(w) be the third derivative of 2*w**2 + 0 - 1/60*w**5 + 0*w + 0*w**4 + 5/6*w**3. Let s be (-24)/(-56) - (-9)/(-21). Calculate c(s).
5
Suppose -6 = -g + 2. Let a(f) = f**3 - 8*f**2 + 2*f - 10. What is a(g)?
6
Let p(q) be the first derivative of 3 - 1/2*q**2 - q - q**3 + 1/4*q**4. Determine p(2).
-7
Let z(o) = -4*o**2 - 5*o - 3. Let v(n) = -9*n**2 - 9*n - 5. Let t(q) = -3*v(q) + 7*z(q). What is t(-5)?
9
Let m(y) = -y - 3. Let l(h) = h**2 - 3*h - 4. Let d be l(5). What is m(d)?
-9
Let m(j) = j**2 + 5*j - 2. Let l(h) = -h**2 - 7*h - 13. Let q be l(-6). What is m(q)?
12
Let a be 1*1/((-2)/(-4)). Let l(n) be the first derivative of n**5/10 - n**4/4 + n**3/3 + 2*n + 2. Let h(j) be the first derivative of l(j). Calculate h(a).
8
Let i(x) = x + 1. Let b be i(2). Let u = 2 + 0. Let c(d) = 3*d - 4*d + d**2 - d - u. What is c(b)?
1
Let t(q) be the second derivative of q**4/12 - q**3 + q**2 + 4*q. Give t(6).
2
Let n(t) = 5*t**2 - 8*t + 3. Let u(q) = -4*q**2 + 0*q**2 + 0 - 3 + 8*q - q. Let w(p) = 5*n(p) + 6*u(p). Determine w(-3).
0
Let i(v) be the third derivative of v**4/24 - v**3/6 + 7*v**2. Determine i(1).
0
Let t(y) = -8*y + y**3 + 5 + 14*y**2 + 6 + 2*y**3 - 4. Let q(p) = -4*p**3 - 21*p**2 + 12*p - 11. Let v(i) = 5*q(i) + 7*t(i). Calculate v(6).
-18
Let v(k) be the first derivative of -k**2/2 - k + 2. Let o = 65 + -63. Calculate v(o).
-3
Suppose -3*i + 4*c - 2*c + 71 = 0, -3 = 3*c. Suppose -5*f + 0*z + i = 4*z, -5*z - 15 = 0. Let y(x) = x. Determine y(f).
7
Let j(b) be the second derivative of -7*b**5/120 - b**4/24 + 5*b**3/6 + 8*b. Let v(f) be the second derivative of j(f). Give v(-1).
6
Let g = -68 + 71. Let a(z) be the first derivative of 1/4*z**4 + z - 3 - z**g - z**2. Give a(4).
9
Let y(p) = p**3 - 5*p**2 - 5*p - 6. Let f be 5/((-25)/(-27)) + 21/35. Give y(f).
0
Let a(l) = -l**2 - 8*l - 4*l - 2 + 6*l. Determine a(-5).
3
Suppose -3 = 5*o + 2. Let j = o + 1. Let k(f) be the first derivative of -f**4/4 + 8*f - 1. What is k(j)?
8
Let z(m) be the third derivative of 0 + 1/12*m**4 + 0*m + m**2 + 0*m**5 + 0*m**3 + 1/720*m**6. Let v(s) be the second derivative of z(s). Give v(-1).
-1
Let i = 5 + -7. Let a = 2 + i. Let d(k) = k**2 + k. Give d(a).
0
Let f(k) be the second derivative of k**5/10 - k**4/4 - k**3/2 + k**2/2 - 2*k - 23. Calculate f(3).
19
Let y(z) = 5 - 5*z**3 - 4*z**3 + 5*z**2 + 8*z**3 + 5*z. Determine y(6).
-1
Let k = -12 + 16. Let x = 8 - 6. Let h(j) = j**3 - j**x - k*j**3 - 1 + j - 5*j**3 + 2*j**3. Determine h(1).
-7
Let b(c) = c**2 - 5*c - 6. Let r(h) = -3*h**2 + 14*h + 17. Let g(a) = 17*b(a) + 6*r(a). Give g(-3).
-6
Let m(c) = 23*c - 17. Let d(n) = 8*n - 6. Let g(o) = 17*d(o) - 6*m(o). Let h(v) = 2*v**3 + 2*v**2 - 2*v + 1. Let b = 3 + -2. Let i be h(b). Determine g(i).
-6
Let o(n) = n**3 + 4*n**2 - 6*n - 5. Let h(t) = t**2 - 2*t - 1. Let a be h(3). Let m be ((-4)/8)/(a/20). Give o(m).
0
Let r(d) = -1 - 6 - 3*d + 6. What is r(-2)?
5
Let a(x) = x**2 + 5*x - 7. Let i be (-1 + -2)*(-2)/3. Suppose 0*u + 12 = i*u. Suppose 5*j + u = -19. Determine a(j).
-7
Suppose 2*z = -z + 9. Suppose z*x = v + 10, x - 5*v = 4*x + 14. Let q(c) = -c + x - 2*c + 4*c. Determine q(0).
2
Let n(b) be the second derivative of -b**6/120 - b**4/24 - b**3/3 + 5*b. Let f(r) be the second derivative of n(r). Calculate f(1).
-4
Let t(r) = -49*r**2 + 7 - 1 - 6*r + r**3 + 54*r**2. Calculate t(-6).
6
Suppose 5 = -4*m - 3. Let c = 2 + m. Let w be (0 + 1 + c)/(-1). Let j(v) = v**3 - 2*v**2 - v. Give j(w).
-2
Suppose -4*r - 25 = -9*r. Let m(j) = j**2 - 6*j. Determine m(r).
-5
Let f(t) = 57*t + 24. Let x(k) = -7*k - 3. Suppose 6*h = 2*h + 5*u - 147, 5*u = 15. Let p(l) = h*x(l) - 4*f(l). Give p(-2).
-3
Suppose 0*r = 4*r - 16. Let z(s) = 2*s**3 - 3*s**2 - r + 2 - s**3 + s. Determine z(3).
1
Suppose 0 = 11*f - 6*f - 20. Let l(z) = z**2 - 2*z - 3. Calculate l(f).
5
Let g = -10 - -19. Let z(y) = 4*y**2 - 11*y**2 - g*y**2. Calculate z(1).
-16
Let w(x) = x**3 + 4*x**2 - 5*x + 4. Let c(m) = -m**2 - 8*m - 7. Let b be c(-6). Suppose -o + 3 = -2*z - 0, -b*z = -4*o. What is w(o)?
4
Let g(c) = -c**3 + 6*c**2 + 7*c + 5. Let r(o) = o**3 + 9*o**2 - 8*o + 3. Let y be r(-10). Let j = y - -24. Determine g(j).
5
Let f(u) be the first derivative of -2*u**5/15 - u**4/24 + 3*u**2/2 + 2. Let l(r) be the second derivative of f(r). Give l(-1).
-7
Let r = -18 - -12. Let p(i) = i - 2*i - 2*i - 3 + i. Calculate p(r).
9
Let q(h) = h**3 - 7*h**2 + 14*h - 5. Let u be q(4). Let i be 4/(-10) + 4/10. Let z(g) = -1 - u*g + 2*g + 0*g + i. Give z(-4).
3
Let t(m) = m**2 + 5*m + 7. Let f(h) = 3*h**2 + 15*h + 21. Let i(r) = -2*f(r) + 7*t(r). Give i(-5).
7
Let z(p) = -p + 1. Let f be z(2). Suppose 5 = -3*v + 4*n, -3*v + 2*n = -0*v - 5. Let i(t) = 23 - 45 + 3*t + v*t**2 - 2*t + 23. Give i(f).
5
Let b = -1 - -1. Suppose -2*d + 1 = -d - 4*g, -4*d - 5*g + 67 = b. Let h(l) = l + 13 - d. What is h(-5)?
-5
Suppose 15 = 8*p - 3*p. Let o = p + -8. Let w(r) = -r**3 - 4*r**2 + 5*r + 1. Determine w(o).
1
Let r(o) be the first derivative of o**3 - o**2/2 - 4*o - 5. Let l(n) be the first derivative of r(n). Let f be 1/(-3)*(-8 - -2). What is l(f)?
11
Let q(r) = -8*r**3 + 10*r**2 - 6*r + 8. Let g(s) = -15*s**3 + 19*s**2 - 11*s + 15. Let f(k) = 6*g(k) - 11*q(k). Determine f(3).
-16
Let n(f) = 3*f - 3 - 7*f + f**2 - 2*f**2. Let g = 13 + -9. Suppose -o + p = 3*p + 14, 2*o - g*p = 12. Give n(o).
-3
Let w be -3*6/45*10. Let l(g) = g**3 + g**2 - 5*g - 3. Let u(q) = -q**3 - 2*q**2 + 6*q + 4. Let h(o) = w*u(o) - 5*l(o). Determine h(3).
2
Let c(t) = -3*t - 9. Let n(y) = y - 7. Let w(i) = -5*i + 29. Let f(m) = -9*n(m) - 2*w(m). Let z(a) = 3*c(a) + 7*f(a). Calculate z(6).
-4
Let z(k) = k**2 + 3*k + 2. Suppose -2 = -2*m + 3*m. Calculate z(m).
0
Suppose 11*r - 33 = -11. Let p(n) be the second derivative of -1/2*n**r + 0*n**3 + 0 + 3/4*n**4 + 4*n. Calculate p(1).
8
Let x(b) = 4*b + 1. Let p be x(-1). Let w(l) = -l. Give w(p).
3
Suppose 3*n + 3 = 2*l, 0*l + 2*l = -4*n - 4. Let p(g) = g**2 - 8. Give p(l).
-8
Let b be (-6)/27 + (-2)/(-9). Let q(c) = c**2 + 4*c. Let j be q(-4). Suppose b*p + 3*p = j. Let h(i) = i**3 + i**2 + 7. Give h(p).
7
Let n(t) = 4*t**3 + 4 - t - 3*t**3 + 0. Let j be n(0). Suppose -3*z = -j*z - 4. Let r(h) = h**3 + 4*h**2 - h - 1. Give r(z).
3
Suppose -2*j = -2*d + 2, -5*j - 4*d - 2 = -3*j. Let s(m) = m**3 + 6*m**2 + 3*m + 4. Let o(u) = u**3 + u**2 - u + 1. Let t(n) = j*s(n) + 2*o(n). Calculate t(5).
-2
Let l(c) = -6*c**2 - 10*c - 8. Let v(w) = -w**3 - 5*w**2 + 4*w - 6. Let g be v(-6). Let i(a) = 7*a**2 + 11*a + 9. Let p(b) = g*l(b) + 5*i(b). Determine p(-2).
3
Let l(y) be the second derivative of 5*y**4/12 + y**3/6 + y**2/2 - y. Let x = 2 - -2. Let q be x*(-1)/(-4) + -2. Calculate l(q).
5
Let t = -7 + 11. Let f(d) = 10*d**3 - 8*d**2 + 8*d - 1. Let z(w) = -7*w**3 + 5*w**2 - 5*w + 1. Let y(n) = 5*f(n) + 7*z(n). Determine y(t).
6
Let h(w) = 3*w - 1. Let k = -12 + 17. Let f be 7*(-1 - -2) - 2. Suppose q - k = 3*c + 3, f*q = 25. Determine h(c).
-4
Let k(z) = -3*z + 6*z + 7 - 3. Let b be k(-3). Let h(n) = -2*n - 5*n**2 - 45*n**3 + 44*n**3 - 4*n - n**2. Give h(b).
5
Let q(d) = 4*d + 1. Suppose -8*p - 14 = -46. Suppose u - 15 = -4*j + 2*u, 5*u = 3*j - 24. Suppose j*b - 5*b - p = 0. Give q(b).
-7
Let y(z) be the third derivative of 11/24*z**4 + 0 + 0*z + 1/6*z**3 - 4*z**2. Calculate y(-1).
-10
Le